ose 1333 = 24*g - 4715. Suppose 0*r - 2*r = -56. Calculate the greatest common divisor of r and g.
28
Suppose 3*g = 3*a - g + 48, g = 3*a + 48. Let i = a - -24. Calculate the highest common divisor of i and 40.
8
Let y(a) = -12*a + 93. Let k be y(6). Calculate the greatest common factor of k and 672.
21
Let o be ((-4)/(-2))/((-2)/(-4)). Let g = -3 + 47. Calculate the highest common factor of g and o.
4
Suppose -5*g - 3*f + 250 = 0, g + 6*f = 3*f + 50. What is the greatest common factor of 225 and g?
25
Let n(m) = m**3 - m**2 - 14*m - 18. Let w be n(6). Calculate the greatest common factor of 26 and w.
26
Suppose 3*v - 5*s - 10 = -s, -s = -4*v + 22. Let d be ((-105)/(-20) - v)/((-2)/168). What is the greatest common factor of 9 and d?
9
Let t(x) = 3*x**2 + 7*x - 2. Let w(p) = -p**2 - 2*p + 1. Let j(d) = -6*t(d) - 17*w(d). Let y be j(-5). Calculate the greatest common divisor of y and 2.
2
Let k be (-344)/(-5) - (-18)/15. What is the highest common factor of k and 40?
10
Let j be 1/((-18)/(-15) - 1). Let g be 72/20 - (-2)/j. Suppose -r = -14 + g. What is the highest common factor of 110 and r?
10
Suppose 2*h = 4*h - 36. Let d be -5*(-5 + 3 + 670/(-25)). Calculate the highest common factor of h and d.
18
Suppose -d = 4*l - 3*d - 26, -3*l + 27 = -3*d. Let p be l/26*-1 + (-2882)/(-143). Calculate the greatest common factor of 180 and p.
20
Suppose 656 - 395 = 3*c. Calculate the highest common divisor of c and 348.
87
Let l = -106 - -346. Let c be l/56 - (-4)/(-14). Suppose 3*w = -4*m + 38, 2*m + c*w - 11 = 13. Calculate the highest common divisor of 32 and m.
8
Let d be ((-186)/217)/(6/(-112)). What is the highest common factor of d and 656?
16
Suppose 5*j - 23 = -3. Suppose -j*a = -a - 90. Let k(u) = u**3 + 7*u**2 - 8*u - 11. Let l be k(-7). Calculate the highest common divisor of a and l.
15
Let q be (-3)/(-7) - (-185)/(-7). Let g = 32 + q. Calculate the highest common factor of g and 24.
6
Suppose 2*k = -3*q + 35 + 16, -k = -3*q - 12. Suppose -2*u + 3*h - 6 = 0, 6*u - 63*h + 68*h - 38 = 0. What is the highest common factor of u and k?
3
Suppose f = -4*t + 12 + 27, -5*t = 4*f - 46. Let w = 15 - -9. Let q be 562/8 - 6/w. Calculate the greatest common divisor of q and t.
10
Suppose -11*q + 15*q + 2*z - 48 = 0, 3*q + 4*z - 46 = 0. Let j be 106 - 4/(-6)*-3. Suppose -4*g - 4 + j = 0. Calculate the highest common factor of q and g.
5
Suppose -23*x + 41*x - 2592 = 0. What is the greatest common factor of x and 9?
9
Suppose 0 = 4*u - 10 - 2. Suppose 4 = -2*f + u*f. Calculate the highest common divisor of f and 16.
4
Let d(v) = -72*v - 1203. Let u be d(-17). Suppose -4*w + 104 = 6*q - 2*q, -w - 3*q = -22. What is the highest common divisor of w and u?
7
Let a(n) = 5*n - 5. Let t(d) = 6*d - 5. Let p(c) = 7*a(c) - 6*t(c). Let i be p(-8). Suppose -i*o + 2 = -2*o. Calculate the highest common factor of o and 4.
2
Let g(r) = -r**3 + 3*r**2 + 2*r**2 - 2*r**2 - r**2. Let k be g(0). Let c = k + 5. What is the highest common factor of 45 and c?
5
Let s = 18 - 18. Suppose -2*w = -2*u + 112, s = -4*u + w - 6*w + 233. Suppose -3*q - 12 = -u. What is the highest common factor of q and 15?
15
Let s be (-61)/(-6) - (0 + 2/12). Let d = 27 - 7. What is the highest common factor of s and d?
10
Let a be -2*(-1)/((-2)/(-9)). Let z = 334 + -325. What is the greatest common divisor of a and z?
9
Let i = 312 + -305. What is the greatest common divisor of 21 and i?
7
Let v(h) = h**2 - 8*h + 2. Suppose -22 = -4*a + 14. Let t be v(a). Calculate the highest common divisor of t and 22.
11
Let a(c) = c**3 + 18*c**2 - 22*c - 44. Let g = -60 - -41. Let u be a(g). What is the greatest common divisor of 104 and u?
13
Suppose -2*q = -9 + 3. Suppose -2*j = -q*j. Suppose -3*v + 6 = 0, -2*s = v - j*v - 26. Calculate the greatest common factor of 84 and s.
12
Let o be 1/(5/5530)*(-2)/(-4). What is the greatest common factor of 79 and o?
79
Suppose a - 3 - 9 = -3*r, 0 = 5*a - 3*r - 24. Let z be ((-2)/4)/(9/(-540)). What is the greatest common divisor of z and a?
6
Let f be -1 + 2/8 + 3/4. Suppose -2*i + 3*y = -633, f = 3*i + 2*i - 2*y - 1577. Calculate the greatest common factor of i and 35.
35
Suppose 2*i - 55 = -3*i. Let h(b) = 5 + 23*b - 26*b + b**3 - 2 - b**2. Let n be h(5). What is the highest common divisor of n and i?
11
Let j = -30 - -41. Calculate the highest common divisor of 143 and j.
11
Let r(j) = -14*j - 14. Suppose 7*l + 13 + 8 = 0. Let m be r(l). Suppose -5*v + 448 = -3*v. What is the highest common factor of m and v?
28
Let m(v) = -v**2 - 9*v + 7. Suppose -12 = 6*o + 30. Let x be m(o). What is the greatest common factor of x and 231?
21
Let u(d) = 5*d - 30 - 21 + 0*d - 8. Let j be u(19). What is the greatest common divisor of j and 12?
12
Let f(z) = -z**2 + 28*z - 28. Let u be f(21). What is the highest common divisor of 17 and u?
17
Let f = -955 - -1071. What is the greatest common factor of f and 203?
29
Suppose 2*j + 314 = 2*x, 27 = 5*j + 42. What is the greatest common divisor of 99 and x?
11
Let c be 1/6 + 318*6/216. Calculate the greatest common divisor of 351 and c.
9
Let c be (1/(-1))/((-2)/30). Suppose -2*o + 164 = -46. Calculate the highest common divisor of c and o.
15
Let k(t) = -t**3 - 7*t**2 + 15*t - 6. Suppose 3*l = 4*h - 43, 4*l = h + 2*h - 48. Let u be k(l). What is the greatest common divisor of u and 7?
7
Let u = 20 + -4. Let m(w) = 6*w + 37. Let p be m(-6). Let b(a) = 113*a**3 - 3*a**2 + a + 1. Let i be b(p). Calculate the greatest common factor of i and u.
16
Let g(a) = 6*a - 32. Let t be g(9). Calculate the greatest common divisor of t and 88.
22
Suppose -4*u = 5*p - 107, -127*p + 4*u = -129*p + 50. Calculate the greatest common factor of 3629 and p.
19
Let g be (-3)/((-15)/(-17900)*-1). Let f be g/150 + (-2)/(-15). Let p = -6 - -18. What is the greatest common divisor of p and f?
12
Suppose 0 = 4*l + t - 252, -126 = -2*l - 5*t + 4*t. Suppose 792 = 5*h - l. What is the highest common factor of h and 19?
19
Let z = 281 + -269. Calculate the greatest common divisor of 108 and z.
12
Suppose 0 = d - 2*d. Let b be (-7)/(14/(-68)) - d. What is the highest common factor of b and 17?
17
Let f = 15 + 16. Let x = -437 - -778. Calculate the greatest common divisor of x and f.
31
Let m = 125 + -90. Let h = m - 24. Calculate the greatest common factor of h and 66.
11
Let l = -30 + 38. Suppose 0 = l*s - 3*s - 25. Calculate the highest common factor of 2 and s.
1
Suppose 0 = 5*q - 4 - 11. Suppose 0*u = 2*u. Suppose u*t + 12 = 4*t. What is the greatest common divisor of q and t?
3
Let c(u) = u**2 + 10*u + 5. Let h be c(0). Let q be 134*-1*(-3)/6. Suppose 4*l - 95 = -l + 5*s, q = h*l + 2*s. What is the greatest common factor of l and 45?
15
Suppose 0 = -5*r + 95 - 30. Suppose 5*q - 6*q = -r. Let f(y) = -7*y**3 + 2*y. Let j be f(-2). What is the highest common factor of j and q?
13
Let g = 114 - 113. Let k be -5 - -64 - (5 + -2)*g. What is the greatest common divisor of k and 56?
56
Let h(n) = -5*n**2 - 27*n - 8. Let c be h(-5). Suppose 3*y - 7 - 2 = 0. What is the greatest common factor of y and c?
1
Suppose 4*t = 5*v - 25, 2*t - 61 = -4*v - 3*t. Let i be -3 - 5/(5/1). Let r(j) = -8*j - 14. Let w be r(i). What is the greatest common factor of v and w?
9
Suppose -7*d + 0*d = -616. Let a = d - 56. Calculate the greatest common factor of a and 160.
32
Let s be 3*(-45)/(9/(-1)). What is the highest common factor of s and 30?
15
Let w be (-62)/(-279) - (-11)/(-9). Let t be ((-6)/5)/(w/((-325)/(-5))). Calculate the highest common factor of t and 52.
26
Let y be 16 - -13 - 1/(2/4). Let q be (0 + 4)*2/2. Suppose -3*d + y = 2*p, -q*p = -d + 2*d - 79. Calculate the highest common factor of 21 and p.
21
Suppose 3*j - 2*k - k = 12, -4*j = 5*k - 7. Let v(n) = 3*n**2 + 7*n - 26. Let z be v(j). What is the highest common divisor of 88 and z?
22
Let d(o) = o - 6. Let z be d(9). Suppose -z*b - 12 = -7*b. Suppose b*m - 5*n = -n + 19, 0 = 4*n + 4. What is the greatest common factor of 40 and m?
5
Suppose 0 = -20*q + 268 - 28. Calculate the highest common divisor of q and 10.
2
Let u(t) = -t**3 + 14*t**2 + t - 26. Let h be u(13). Calculate the highest common factor of h and 195.
39
Let r = 905 + -696. What is the greatest common factor of r and 95?
19
Let f be (-112)/(-49) - 2/7. Suppos